{"id":254,"date":"2025-03-10T20:34:59","date_gmt":"2025-03-10T23:34:59","guid":{"rendered":"https:\/\/equinereproductionscience.com\/?page_id=254"},"modified":"2025-04-01T16:56:44","modified_gmt":"2025-04-01T19:56:44","slug":"normas","status":"publish","type":"page","link":"https:\/\/equinereproductionscience.com\/?page_id=254","title":{"rendered":"normas"},"content":{"rendered":"\n<h1 class=\"wp-block-heading\"><strong>Normas para submiss\u00e3o de trabalhos<\/strong><\/h1>\n\n\n\n<p><\/p>\n\n\n\n<p><\/p>\n\n\n\n<p class=\"has-medium-font-size\">A revista EQUINE REPRODUCTION SCIENCE destina-se \u00e0 publica\u00e7\u00f5es de trabalhos cient\u00edficos relacionados a reprodu\u00e7\u00e3o equina.<br>A revista ERS aceita os seguintes formatos de manuscritos:<\/p>\n\n\n\n<p><br>Artigos originais<br>Revis\u00f5es de literatura<br>Relatos de caso<br>Inicia\u00e7\u00e3o cient\u00edfica<\/p>\n\n\n\n<p>A ERS aceita a submiss\u00e3o de manuscritos no idioma portugu\u00eas, e futuramente em ingl\u00eas e espanhol. Os manuscritos devem destinar-se exclusivamente \u00e0 revista cient\u00edfica ERS, n\u00e3o sendo permitida sua submiss\u00e3o simult\u00e2nea a outro(s) peri\u00f3dico(s).<\/p>\n\n\n\n<p>O objetivo principal \u00e9 incentivar a publica\u00e7\u00e3o dos dados dos pesquisadores da \u00e1rea, facilitando o processo de publica\u00e7\u00e3o de artigos, estimular a dissemina\u00e7\u00e3o de trabalhos cient\u00edficos, fomentar a produ\u00e7\u00e3o acad\u00eamica, incentivando e contribuindo para promover o crescimento constante da ci\u00eancia.<\/p>\n\n\n\n<p>A ERS adota as regras da ABNT de cita\u00e7\u00e3o e refer\u00eancias bibliogr\u00e1ficas. O arquivo do Microsoft Office Word deve seguir a configura\u00e7\u00e3o obrigat\u00f3ria das p\u00e1ginas:<\/p>\n\n\n\n<p>Papel A4 (210x297mm)<\/p>\n\n\n\n<p>Margens de 2 cm em todos os lados<\/p>\n\n\n\n<p>Fonte Times New Roman ou Arial tamanho 12<\/p>\n\n\n\n<p>Espa\u00e7amento de 1,5 pt entre linhas e par\u00e1grafos com recuo de 1,25 cm.<\/p>\n\n\n\n<p>Os textos tem limite m\u00e1ximo de 30 p\u00e1ginas (sem refer\u00eancias)<\/p>\n\n\n\n<p>Limita-se a dez o n\u00famero m\u00e1ximo de autores. A partir de seis autores deve-se enviar um documento suplementar ao editor justificando a participa\u00e7\u00e3o de cada autor no estudo.<\/p>\n\n\n\n<p>O uso de negrito deve se restringir ao t\u00edtulo e subt\u00edtulos do manuscrito. O it\u00e1lico ser\u00e1 aplicado somente para destacar termos ou express\u00f5es relevantes para o objeto do estudo.<\/p>\n\n\n\n<p>Artigos, Revis\u00f5es de Literatura e S\u00e9rie de casos devem seguir a estrutura convencional:  Introdu\u00e7\u00e3o, M\u00e9todo, Resultados, Discuss\u00e3o e Conclus\u00f5es (pesquisas de abordagem quantitativa) ou Considera\u00e7\u00f5es Finais (pesquisas de abordagem qualitativa) e Refer\u00eancias. Relatos de caso: T\u00edtulo, Introdu\u00e7\u00e3o, Descri\u00e7\u00e3o do caso, Discuss\u00e3o e Considera\u00e7\u00f5es finais. Os manuscritos de outras categorias podem seguir estrutura diferente.<\/p>\n\n\n\n<p><strong>Diretrizes \u00e0 autores<\/strong><\/p>\n\n\n\n<p>Os artigos encaminhados para publica\u00e7\u00e3o s\u00e3o submetidos \u00e0 aprova\u00e7\u00e3o do Corpo Editorial, com assessoria de especialistas de cada tema do artigo. Os artigos cujos textos necessitarem de revis\u00f5es ou corre\u00e7\u00f5es ser\u00e3o devolvidos aos autores para que possam ser realizadas as devidas altera\u00e7\u00f5es em um per\u00edodo determinado. Os manuscritos aceitos para publica\u00e7\u00e3o tornam-se propriedade da revista<strong>&nbsp;Equine Reproduction Science.<\/strong>&nbsp;Os autores s\u00e3o respons\u00e1veis pelos conceitos e informa\u00e7\u00f5es neles contidos. S\u00e3o imprescind\u00edveis originalidade, ineditismo e destina\u00e7\u00e3o exclusiva \u00e0 &nbsp;<strong>ERS<\/strong>.<br>A submiss\u00e3o dos artigos \u00e9 feita&nbsp;<strong>exclusivamente<\/strong>&nbsp;online, no endere\u00e7o eletr\u00f4nico <a href=\"https:\/\/equinereproductionscience.com\/\">https:\/\/equinereproductionscience.com\/<\/a> seguindo as orienta\u00e7\u00f5es de publica\u00e7\u00e3o. Artigos que j\u00e1 se encontram em an\u00e1lise pela revista, quando solicitadas corre\u00e7\u00f5es, devem seguir as orienta\u00e7\u00f5es para futura publica\u00e7\u00e3o.<\/p>\n\n\n\n<p><strong>Orienta\u00e7\u00f5es gerais<\/strong><\/p>\n\n\n\n<p>Toda a tramita\u00e7\u00e3o dos artigos \u00e9 feita exclusivamente pelo site, mediante cadastro e acesso ao sistema.<br>\u00c9 de exclusiva responsabilidade de quem submete o artigo certificar-se de que cada um dos autores tenha conhecimento e concorde com a inclus\u00e3o de seu nome no manuscrito submetido e, informar o e-mail de correspond\u00eancia de todos os envolvidos no artigo.<br>A <strong>ERS <\/strong>comunicar\u00e1 a cada um dos inscritos, por meio de correspond\u00eancia eletr\u00f4nica, a participa\u00e7\u00e3o no artigo. Desta forma, \u00e9 imprescind\u00edvel que todos os e-mails de contato dos coautores sejam informados no momento da submiss\u00e3o<strong>.&nbsp;<\/strong>Caso um dos produtores do texto n\u00e3o concorde em participar como autor, o artigo ser\u00e1 considerado como desist\u00eancia de um dos autores e sua tramita\u00e7\u00e3o encerrada. <\/p>\n\n\n\n<p><strong>Comit\u00ea de \u00c9tica no Uso de Animais (CEUA)<\/strong><\/p>\n\n\n\n<p>Em caso de artigos vinculados a &nbsp;institui\u00e7\u00f5es com atividades de ensino ou pesquisa, \u00e9&nbsp;<strong>indispens\u00e1vel indicar o n\u00famero de aprova\u00e7\u00e3o&nbsp;<\/strong>do Projeto de Pesquisa que originou o artigo, expedido pelo CEUA (Comit\u00ea de \u00c9tica no Uso de Animais) de sua Institui\u00e7\u00e3o, em atendimento \u00e0 Lei 11794\/2008. Ressaltamos que tal n\u00famero do Certificado de Aprova\u00e7\u00e3o do Projeto deve ser mencionado no campo&nbsp;<em>Material e M\u00e9todos&nbsp;<\/em>em todos os estudos com uso de seres vivos.<\/p>\n\n\n\n<p><strong>Documento principal<\/strong><\/p>\n\n\n\n<p>O documento principal, sem identifica\u00e7\u00e3o dos autores, deve conter:<\/p>\n\n\n\n<p>T\u00edtulo do artigo: no m\u00e1ximo de 14 palavras no idioma do manuscrito. Resumo e os descritores: resumo limitado a 250 palavras no mesmo idioma do manuscrito.<\/p>\n\n\n\n<p>O resumo dever\u00e1 estar estruturado em Objetivo, M\u00e9todo, Resultados e Conclus\u00e3o (ou Considera\u00e7\u00f5es Finais). Logo abaixo do resumo incluir de tr\u00eas a cinco descritores no idioma do manuscrito.<\/p>\n\n\n\n<p>Corpo do texto: Consiste no corpo do manuscrito, propriamente dito.<\/p>\n\n\n\n<p>A estrutura do manuscrito \u00e9: <strong>introdu\u00e7\u00e3o<\/strong>, <strong>objetivo<\/strong>, <strong>material e m\u00e9todo<\/strong>, <strong>resultados<\/strong>, <strong>discuss\u00e3o <\/strong>e <strong>conclus\u00e3o <\/strong>(para pesquisa quantitativa) ou <strong>considera\u00e7\u00f5es finais <\/strong>(pesquisa qualitativa).<\/p>\n\n\n\n<p>Todos os subt\u00edtulos devem ser destacados em negrito no texto.<\/p>\n\n\n\n<p>As figuras, tabelas e quadros devem ser apresentadas no corpo do manuscrito. Ilustra\u00e7\u00f5es (tabelas, quadros e figuras, como fotografias, desenhos, gr\u00e1ficos, etc.) ser\u00e3o numeradas, consecutivamente, com algarismos ar\u00e1bicos, na ordem em que forem inseridas no texto, n\u00e3o podendo ultrapassar o n\u00famero de cinco.<\/p>\n\n\n\n<p>Qualquer que seja o tipo de ilustra\u00e7\u00e3o, sua identifica\u00e7\u00e3o aparece na parte superior, precedida da palavra designativa (tabela, figura, quadro) seguida do n\u00famero de ordem de sua ocorr\u00eancia no texto, em algarismos ar\u00e1bicos, travess\u00e3o e do respectivo t\u00edtulo (Ex.: Tabela 1 &#8211; t\u00edtulo). Ap\u00f3s a ilustra\u00e7\u00e3o, na parte inferior, inserir a legenda, notas e outras informa\u00e7\u00f5es necess\u00e1rias \u00e0 sua compreens\u00e3o, se houver (ver: ABNT NBR 14724 \/ 2011 &#8211; Informa\u00e7\u00e3o e documenta\u00e7\u00e3o &#8211; Trabalhos acad\u00eamicos &#8211; Apresenta\u00e7\u00e3o). A fonte consultada dever\u00e1 ser inclu\u00edda abaixo das imagens somente se for de dados secund\u00e1rios.<\/p>\n\n\n\n<p>As ilustra\u00e7\u00f5es devem estar em boa qualidade de leitura em alta resolu\u00e7\u00e3o (no m\u00ednimo 300 dpi). Tabelas, gr\u00e1ficos e quadros devem ser apresentados de forma edit\u00e1vel no corpo no manuscrito.<\/p>\n\n\n\n<p>Fomento: antes da lista de refer\u00eancias, \u00e9 obrigat\u00f3rio citar fonte de fomento \u00e0 pesquisa (se houver).<\/p>\n\n\n\n<p>Agradecimentos: Podem ser destinados \u00e0s pessoas que contribu\u00edram para a realiza\u00e7\u00e3o do estudo, mas n\u00e3o se constituem autores e devem ser apresentados na p\u00e1gina de t\u00edtulo at\u00e9 que a avalia\u00e7\u00e3o seja conclu\u00edda por quest\u00f5es de conflito de interesse.<\/p>\n\n\n\n<p><strong>Politica de privacidade<\/strong><\/p>\n\n\n\n<p>Os nomes e endere\u00e7os informados nesta revista ser\u00e3o usados exclusivamente para identifica\u00e7\u00e3o do artigo e\/ou servi\u00e7os prestados por esta publica\u00e7\u00e3o, n\u00e3o sendo disponibilizados para outras finalidades ou a terceiros.<\/p>\n\n\n\n<p><strong>Termo de direitos autorais<\/strong><\/p>\n\n\n\n<p>Na hip\u00f3tese de aprova\u00e7\u00e3o e publica\u00e7\u00e3o do artigo submetido, os autores dos artigos transferem totalmente os direitos autorais do artigo em favor da Revista Cient\u00edfica ERS, sem nenhuma restri\u00e7\u00e3o.<\/p>\n\n\n\n<p><strong>Avalia\u00e7\u00e3o de artigos<\/strong><\/p>\n\n\n\n<p>Os textos enviados \u00e0 Revista ser\u00e3o submetidos a uma an\u00e1lise preliminar, realizada pelos editores da revista, e baseada nos seguintes crit\u00e9rios: ineditismo; adequa\u00e7\u00e3o \u00e0 linha editorial da Revista Cient\u00edfica ERS; n\u00famero m\u00ednimo de cinco p\u00e1ginas por artigo; estrutura argumentativa organizada em introdu\u00e7\u00e3o, desenvolvimento e conclus\u00e3o; inclus\u00e3o de lista final de refer\u00eancias bibliogr\u00e1ficas; informa\u00e7\u00f5es completas; atendimento das normas aqui estabelecidas, confer\u00eancia da carta de ineditismo e da corre\u00e7\u00e3o ortogr\u00e1fica.<\/p>\n\n\n\n<p>Ap\u00f3s a avalia\u00e7\u00e3o prevista no par\u00e1grafo anterior, os artigos selecionados ser\u00e3o encaminhados, sem identifica\u00e7\u00e3o da autoria, a no m\u00ednimo dois pareceristas an\u00f4nimos, preferencialmente, com afilia\u00e7\u00e3o em institui\u00e7\u00f5es de estados da federa\u00e7\u00e3o distintos entre si e em rela\u00e7\u00e3o ao artigo avaliado (com o escopo de se alcan\u00e7ar a m\u00e1xima exogenia), para avalia\u00e7\u00e3o qualitativa da forma e do conte\u00fado do trabalho.<\/p>\n\n\n\n<p>O parecer de an\u00e1lise para admiss\u00e3o do artigo \u00e0 Revista ter\u00e1 como base os seguintes crit\u00e9rios:<\/p>\n\n\n\n<p>Pertin\u00eancia com a linha editorial da Revista Cient\u00edfica ERS;<\/p>\n\n\n\n<p>Relev\u00e2ncia do tema;<\/p>\n\n\n\n<p>Contribui\u00e7\u00e3o cient\u00edfica do trabalho;<\/p>\n\n\n\n<p>Apresenta\u00e7\u00e3o formal;<\/p>\n\n\n\n<p>Estrutura e metodologia adequada \u00e0 rela\u00e7\u00e3o entre problema, objetivos e resultados.<\/p>\n\n\n\n<p class=\"has-black-color has-text-color has-link-color has-large-font-size wp-elements-ce25bb0bca2bbb8af92ec64d988a9255\"><strong>EQUINE REPRODUCTION SCIENCE<\/strong><\/p>\n\n\n\n<p class=\"has-black-color has-text-color has-link-color has-medium-font-size wp-elements-028228080a43592c377a5f8a3870e69d\"><strong>A Reprodu\u00e7\u00e3o equina baseada na ci\u00eancia.<\/strong><\/p>\n\n\n\n<p class=\"has-medium-font-size\"><\/p>\n\n\n\n<p class=\"has-medium-font-size\"><\/p>\n\n\n\n<hr class=\"wp-block-separator alignfull has-alpha-channel-opacity\"\/>\n\n\n\n<p><\/p>\n","protected":false},"excerpt":{"rendered":"<p>Normas para submiss\u00e3o de trabalhos A revista EQUINE REPRODUCTION SCIENCE destina-se \u00e0 publica\u00e7\u00f5es de trabalhos cient\u00edficos relacionados a reprodu\u00e7\u00e3o equina.A revista ERS aceita os seguintes formatos de manuscritos: Artigos originaisRevis\u00f5es &#8230;<\/p>\n","protected":false},"author":1,"featured_media":0,"parent":0,"menu_order":0,"comment_status":"closed","ping_status":"closed","template":"","meta":{"footnotes":""},"class_list":["post-254","page","type-page","status-publish","hentry"],"_links":{"self":[{"href":"https:\/\/equinereproductionscience.com\/index.php?rest_route=\/wp\/v2\/pages\/254","targetHints":{"allow":["GET"]}}],"collection":[{"href":"https:\/\/equinereproductionscience.com\/index.php?rest_route=\/wp\/v2\/pages"}],"about":[{"href":"https:\/\/equinereproductionscience.com\/index.php?rest_route=\/wp\/v2\/types\/page"}],"author":[{"embeddable":true,"href":"https:\/\/equinereproductionscience.com\/index.php?rest_route=\/wp\/v2\/users\/1"}],"replies":[{"embeddable":true,"href":"https:\/\/equinereproductionscience.com\/index.php?rest_route=%2Fwp%2Fv2%2Fcomments&post=254"}],"version-history":[{"count":7,"href":"https:\/\/equinereproductionscience.com\/index.php?rest_route=\/wp\/v2\/pages\/254\/revisions"}],"predecessor-version":[{"id":336,"href":"https:\/\/equinereproductionscience.com\/index.php?rest_route=\/wp\/v2\/pages\/254\/revisions\/336"}],"wp:attachment":[{"href":"https:\/\/equinereproductionscience.com\/index.php?rest_route=%2Fwp%2Fv2%2Fmedia&parent=254"}],"curies":[{"name":"wp","href":"https:\/\/api.w.org\/{rel}","templated":true}]}}